5
9d2dd
What is 367de9 (base 16) in base 11?
201a095
881276 (base 10) to base 5
211200101
What is -85c39 (base 14) in base 15?
-65c86
Convert 12122221022001 (base 3) to base 9.
5587261
What is -32230130023 (base 4) in base 11?
-21a1108
101173 (base 8) to base 14
c25d
Convert -233321221132 (base 4) to base 10.
-12556894
Convert 2587096 (base 11) to base 13.
c08ab2
Convert -b6188 (base 15) to base 13.
-172b05
What is 1352304 (base 7) in base 13?
64464
What is -210020012121000 (base 3) in base 13?
-24504c9
Convert -10075 (base 9) to base 8.
-14745
Convert -252d5 (base 16) to base 8.
-451325
What is -9b5d (base 15) in base 12?
-1708a
Convert 11011110001100110110011 (base 2) to base 16.
6f19b3
What is 266672 (base 10) in base 12?
10a3a8
114224440 (base 5) to base 11
339267
481287 (base 9) to base 7
2314321
14ce8 (base 16) to base 11
59037
What is -120535 (base 9) in base 2?
-10001101110100000
What is -305426 (base 9) in base 7?
-1353051
133011141 (base 6) to base 5
1140122330
What is 416591 (base 12) in base 16?
facbd
30120130 (base 5) to base 15
4ab45
What is -2249995 (base 10) in base 13?
-60a177
-103112122 (base 5) to base 11
-281808
What is 2980b8 (base 15) in base 9?
3680542
What is -12002201022220 (base 3) in base 6?
-134033210
-10010213 (base 8) to base 9
-3852504
What is -787894 (base 10) in base 8?
-3002666
What is 2847678 (base 11) in base 4?
102230111332
Convert 17014376 (base 9) to base 6.
502243153
Convert 335024 (base 8) to base 14.
2d35a
Convert 1421642 (base 8) to base 5.
100333323
12313558 (base 9) to base 14
b3047a
Convert 1021110 (base 6) to base 8.
140542
What is -128097 (base 11) in base 8?
-610577
Convert -10111100011011110100111 (base 2) to base 4.
-113203132213
What is -2618926 (base 10) in base 2?
-1001111111011000101110
Convert -36126 (base 8) to base 5.
-443241
Convert 1604320 (base 8) to base 13.
131ab2
1034211012 (base 5) to base 11
13017a5
Convert -10221001000 (base 3) to base 7.
-441240
Convert 4434333 (base 6) to base 4.
312112101
-30b24 (base 14) to base 16
-1cabc
What is 360362 (base 8) in base 6?
2350002
Convert 67948b (base 13) to base 3.
11121101100220
101434442 (base 5) to base 10
421247
Convert 13101223020 (base 4) to base 8.
7215310
17abb5 (base 12) to base 5
101203420
What is 131301131 (base 5) in base 16?
9ebb6
-5a5555 (base 11) to base 2
-11101010001000001001
-110200021123 (base 4) to base 10
-5374555
Convert 18924 (base 16) to base 6.
2053540
What is -11110000010000011 (base 2) in base 11?
-84469
-11406652 (base 7) to base 12
-408b61
Convert -99987 (base 16) to base 11.
-39a744
What is -113320312 (base 4) in base 13?
-356c8
4ac6c (base 15) to base 5
30122202
3286969 (base 10) to base 14
617c37
What is -4829577 (base 10) in base 12?
-174aa89
Convert -6516407 (base 8) to base 6.
-101214411
-10345050 (base 7) to base 9
-1588376
Convert -47273054 (base 8) to base 13.
-21a4074
What is 1010101111001111010010 (base 2) in base 15?
3a90c0
Convert -1460a91 (base 11) to base 8.
-11434331
What is 2052140 (base 6) in base 8?
303674
Convert 24d35 (base 14) to base 4.
112010203
23c88 (base 13) to base 16
1013d
What is 13375 (base 16) in base 14?
20981
-20220120000211 (base 3) to base 4
-32000132323
220416 (base 7) to base 3
1221222120
What is -21311221 (base 4) in base 5?
-2242142
Convert -476171 (base 8) to base 14.
-43545
What is 18308429 (base 10) in base 5?
14141332204
What is 869480 (base 11) in base 9?
2546066
Convert 4001504 (base 6) to base 2.
101101101010010000
269056 (base 13) to base 15
136a31
Convert -114959 (base 10) to base 11.
-79409
Convert 1874287 (base 12) to base 15.
6b4aea
11201110102111 (base 3) to base 15
348534
What is -2304205 (base 6) in base 7?
-666542
Convert 359c94c (base 13) to base 14.
22c977c
Convert 113659a (base 12) to base 10.
3308230
Convert -12919 (base 13) to base 12.
-17b6a
Convert -579752 (base 10) to base 15.
-b6ba2
-35c54 (base 13) to base 16
-181cd
What is -101111111011 (base 2) in base 7?
-11641
2762287 (base 9) to base 14
2b6d3c
What is 866321 (base 10) in base 9?
1560328
What is 120460622 (base 7) in base 8?
34454307
-23c95 (base 13) to base 6
-1224531
What is 12321112310 (base 4) in base 5?
430322141
What is 72601 (base 10) in base 8?
215631
What is -13223122312 (base 4) in base 9?
-3707104
-91858 (base 15) to base 3
-212102012202
Convert 118573 (base 10) to base 11.
810a4
Convert 1071546 (base 8) to base 13.
a29c5
-126c (base 15) to base 3
-12101110
-41401414 (base 6) to base 9
-2225151
What is -10010001100100001001 (base 2) in base 12?
-249061
-127a2 (base 16) to base 3
-10211211001
What is 125a29 (base 12) in base 16?
49581
611041 (base 8) to base 16
31221
Convert 25433321 (base 6) to base 14.
178121
Convert -2d6674 (base 14) to base 5.
-401432143
-123751 (base 10) to base 12
-5b747
What is -264222 (base 7) in base 2?
-1100000101100010
What is -10011001110010010000001 (base 2) in base 6?
-300001441
What is -1cb5e0 (base 15) in base 6?
-50042103
Convert 222445 (base 8) to base 7.
431535
What is 211110200011 (base 3) in base 13?
1263c4
What is 2326605 (base 9) in base 14?
24a664
Convert 7cc47a (base 14) to base 12.
1515050
What is -178853 (base 14) in base 15?
-116054
Convert -404303 (base 10) to base 2.
-1100010101101001111
-93053 (base 12) to base 9
-322170
Convert -1212044000 (base 5) to base 7.
-33124364
1101221022 (base 3) to base 16
6c08
What is -4001324 (base 6) in base 15?
-3a5e4
-24902 (base 13) to base 10
-67433
-31202 (base 14) to base 8
-347162
-14c65 (base 14) to base 12
-25bb5
What is -20203020013 (base 4) in base 11?
-12a07a1
547291 (base 10) to base 4
2011213123
What is -24250 (base 10) in base 9?
-36234
Convert 810 (base 15) to base 5.
24230
What is -1120211200120 (base 3) in base 15?
-119ca0
Convert 101001011011001011001001 (base 2) to base 14.
162961b
-1231334 (base 5) to base 14
-8a41
What is 132a46 (base 11) in base 7?
1530012
110101100001101 (base 2) to base 3
1101121000
1200003033 (base 4) to base 2
1100000000011001111
-21212020 (base 4) to base 3
-1222220201
-360714 (base 10) to base 4
-1120010022
-7671594 (base 11) to base 2
-110011011001000000001111
What is 3255c5 (base 13) in base 8?
4406420
Convert -5ab5 (base 14) to base 7.
-64115
What is 1226441 (base 7) in base 16?
26a8c
-82582 (base 10) to base 8
-241226
What is -2111120102202 (base 3) in base 7?
-14206406
Convert -525044 (base 10) to base 6.
-15130432
40144104 (base 6) to base 8
4246050
What is -4a2527 (base 14) in base 4?
-21230212013
14251623 (base 7) to base 2
101000111001111111100
-1d4c3 (base 15) to base 16
-1755f
What is 17262 (base 10) in base 7?
101220
Convert -977463 (base 10) to base 4.
-3232220313
51c26 (base 15) to base 11
16784a
Convert 35876586 (base 9) to base 3.
1012222120122220
What is -301333101 (base 4) in base 13?
-72273
What is -45013 (base 6) in base 4?
-1202001
Convert 23445300 (base 8) to base 11.
2994a55
-114353 (base 13) to base 9
-683305
11313200211 (base 4) to base 15
205ae0
What is 147ca5 (base 14) in base 5?
140310233
What is -4164e (base 15) in base 3?
-101112100202
16e514 (base 16) to base 14
2b0b40
Convert -21b776 (base 13) to base 11.
-4a4547
Convert 13246012 (base 7) to base 8.
4522217
What is 32606167 (base 8) in base 11?
3a61977
-506669 (base 12) to base 8
-4624061
Convert 907304 (base 10) to base 12.
379088
Convert -10611053 (base 7) to base 6.
-31512235
What is -9c5521 (base 13) in base 2?
-1110000110011001100010
Convert -71a958 (base 12) to base 9.
-3314315
Convert -1050940 (base 10) to base 4.
-10000210330
Convert 32003114 (base 5) to base 3.
111111221010
What is 11222220002022 (base 3) in base 9?
4886068
Convert -120012320 (base 4) to base 7.
-560612
Convert -98718 (base 15) to base 14.
-c8675
What is 1002213323 (base 4) in base 11?
177033
192482 (base 10) to base 13
697c4
Convert 14031033 (base 5) to base 10.
142643
-9a572 (base 11) to base 5
-14131023
What is 603072 (base 9) in base 10?
356546
What is -1fbf7 (base 16) in base 2?
-11111101111110111
-100536 (base 7) to base 3
-212102120
Convert -121012022110 (base 3) to base 14.
-84277
What is -feeb9 (base 16) in base 4?
-3332322321
What is 1fdea (base 16) in base 2?
11111110111101010
Convert 6d4d8 (base 14) to base 16.
41386
-131322516 (base 7) to base 4
-200011002132
Convert -1795a2 (base 15) 